s of 167649571?
317, 528863
What are the prime factors of 12062272?
2, 188473
List the prime factors of 8009140.
2, 5, 400457
What are the prime factors of 5039370?
2, 3, 5, 7, 19, 421
What are the prime factors of 285618230?
2, 5, 28561823
What are the prime factors of 936724412?
2, 13, 17, 37, 2203
List the prime factors of 295657801.
23, 67, 191861
List the prime factors of 48896265.
3, 5, 11, 67, 4423
What are the prime factors of 145933929?
3, 419, 38699
List the prime factors of 734314759.
463, 1585993
What are the prime factors of 1008258650?
2, 5, 7, 2880739
List the prime factors of 30733424.
2, 1920839
List the prime factors of 5045491008.
2, 3, 271, 32323
What are the prime factors of 935211307?
935211307
What are the prime factors of 48552358?
2, 24276179
List the prime factors of 1897796137.
1897796137
What are the prime factors of 488357911?
31, 431, 36551
List the prime factors of 2129905959.
3, 59, 12033367
What are the prime factors of 1385780508?
2, 3, 7, 431, 4253
List the prime factors of 3605288.
2, 19, 23719
List the prime factors of 269657844.
2, 3, 223, 100769
What are the prime factors of 8098174?
2, 7, 578441
What are the prime factors of 88563549?
3, 29521183
What are the prime factors of 96858854?
2, 113, 428579
What are the prime factors of 35854540?
2, 5, 89, 20143
What are the prime factors of 2885708628?
2, 3, 11, 149, 48907
List the prime factors of 6230711.
6230711
List the prime factors of 1345039931.
23, 58479997
What are the prime factors of 5332580910?
2, 3, 5, 17, 991, 3517
What are the prime factors of 19099576?
2, 2387447
List the prime factors of 45759455.
5, 7, 61, 21433
What are the prime factors of 124626358?
2, 19, 3279641
What are the prime factors of 388712334?
2, 3, 1093, 59273
List the prime factors of 41771497.
41, 1018817
What are the prime factors of 65430462?
2, 3, 1291, 8447
What are the prime factors of 110514364?
2, 79, 349729
List the prime factors of 112776592.
2, 29, 37, 6569
List the prime factors of 26005900.
2, 5, 31, 8389
List the prime factors of 33783326.
2, 16891663
What are the prime factors of 5413140?
2, 3, 5, 17, 29, 61
What are the prime factors of 1897666300?
2, 5, 3461, 5483
What are the prime factors of 591188184?
2, 3, 41, 47, 4261
List the prime factors of 3450637055.
5, 8017, 86083
What are the prime factors of 18388464?
2, 3, 101, 3793
List the prime factors of 581033665.
5, 829, 140177
What are the prime factors of 12212017?
61, 107, 1871
What are the prime factors of 1386332549?
7, 19, 41, 36319
List the prime factors of 947735752.
2, 118466969
What are the prime factors of 974572303?
311, 3133673
What are the prime factors of 106427223?
3, 7, 47, 11981
List the prime factors of 167284366.
2, 241, 347063
What are the prime factors of 83278818?
2, 3, 7, 17, 2287
What are the prime factors of 1854440239?
1854440239
List the prime factors of 50779552.
2, 19, 47, 1777
What are the prime factors of 1133271177?
3, 1301, 290359
What are the prime factors of 142719150?
2, 3, 5, 7, 29, 43, 109
List the prime factors of 153012221.
153012221
List the prime factors of 407353516.
2, 31, 127, 25867
What are the prime factors of 653156696?
2, 73, 1118419
What are the prime factors of 7028729993?
22433, 313321
List the prime factors of 110347642.
2, 55173821
What are the prime factors of 95524097?
227, 420811
What are the prime factors of 131149510?
2, 5, 89, 101, 1459
List the prime factors of 3333474932.
2, 347, 2401639
What are the prime factors of 192439340?
2, 5, 101, 95267
What are the prime factors of 631740434?
2, 13, 17, 43, 773
List the prime factors of 24201929.
24201929
List the prime factors of 76395628.
2, 29, 41, 16063
What are the prime factors of 2068906628?
2, 1013, 510589
What are the prime factors of 808531809?
3, 269510603
List the prime factors of 745952112.
2, 3, 17, 101573
What are the prime factors of 731593852?
2, 11, 1907, 8719
What are the prime factors of 2778167?
7, 396881
List the prime factors of 2138252972.
2, 83, 197, 32693
What are the prime factors of 7016282811?
3, 47, 16586957
What are the prime factors of 72745578?
2, 3, 491, 8231
List the prime factors of 334361136.
2, 3, 6965857
What are the prime factors of 641827976?
2, 43, 883, 2113
What are the prime factors of 1344924514?
2, 672462257
List the prime factors of 4259854157.
13, 327681089
What are the prime factors of 41473204?
2, 10368301
What are the prime factors of 349875872?
2, 10933621
What are the prime factors of 73304534?
2, 1889, 19403
What are the prime factors of 401382584?
2, 673, 74551
List the prime factors of 1859442784.
2, 677, 85831
What are the prime factors of 2051036200?
2, 5, 10255181
List the prime factors of 422093621.
499, 845879
List the prime factors of 2294274838.
2, 5189, 221071
List the prime factors of 405173316.
2, 3, 41, 149, 5527
List the prime factors of 1853554224.
2, 3, 38615713
What are the prime factors of 2093532771?
3, 11, 1559, 40693
List the prime factors of 333348.
2, 3, 27779
List the prime factors of 275540868.
2, 3, 1913, 4001
List the prime factors of 1432019346.
2, 3, 1013, 235607
What are the prime factors of 80465431?
23, 983, 3559
What are the prime factors of 3704628066?
2, 3, 17, 2269, 16007
List the prime factors of 508886257.
11, 347, 133321
What are the prime factors of 46145646?
2, 3, 61, 14009
What are the prime factors of 108374230?
2, 5, 10837423
List the prime factors of 1221372307.
19, 83, 774491
What are the prime factors of 1345061850?
2, 3, 5, 11, 23, 67
What are the prime factors of 2751203051?
2751203051
List the prime factors of 439865974.
2, 53, 4149679
List the prime factors of 1749050727.
3, 73, 193, 41381
What are the prime factors of 785319848?
2, 131, 749351
What are the prime factors of 192800031?
3, 64266677
What are the prime factors of 34575847?
167, 207041
What are the prime factors of 100752047?
11, 17, 41, 773
List the prime factors of 1644452116.
2, 1151, 357179
List the prime factors of 18166094.
2, 9083047
What are the prime factors of 649830304?
2, 17, 1194541
What are the prime factors of 345858630?
2, 3, 5, 13, 31, 28607
What are the prime factors of 173102197?
1223, 141539
What are the prime factors of 2992822832?
2, 31, 241, 25037
What are the prime factors of 104595449?
7, 304943
List the prime factors of 582475704.
2, 3, 19, 1277359
List the prime factors of 22889134.
2, 3301, 3467
What are the prime factors of 538816282?
2, 1439, 187219
List the prime factors of 26654474.
2, 7, 11, 173081
List the prime factors of 274176696.
2, 3, 11424029
List the prime factors of 204939620.
2, 5, 109, 94009
List the prime factors of 162343779.
3, 13, 4162661
List the prime factors of 1452278470.
2, 5, 251, 578597
List the prime factors of 163503174.
2, 3, 27250529
List the prime factors of 172236111.
3, 57412037
What are the prime factors of 28058849?
7, 13, 503, 613
What are the prime factors of 741471090?
2, 3, 5, 79, 312857
What are the prime factors of 64628649?
3, 127, 56543
List the prime factors of 1509842170.
2, 5, 4591, 32887
List the prime factors of 716621447.
716621447
What are the prime factors of 759630914?
2, 7, 4547, 11933
What are the prime factors of 3884280875?
5, 2399, 12953
List the prime factors of 34064173.
11, 13, 23, 10357
What are the prime factors of 129539069?
11, 11776279
List the prime factors of 2740104.
2, 3, 19, 2003
List the prime factors of 531085383.
3, 37, 47, 11311
What are the prime factors of 148971916?
2, 37, 71, 14177
What are the prime factors of 91847736?
2, 3, 17, 25013
What are the prime factors of 153252090?
2, 3, 5, 1702801
What are the prime factors of 494524784?
2, 13, 59, 683
List the prime factors of 3966234842.
2, 1983117421
What are the prime factors of 8814729905?
5, 3769, 467749
List the prime factors of 312933658.
2, 3803, 41143
What are the prime factors of 62293337?
1277, 48781
List the prime factors of 2043275986.
2, 73, 13995041
List the prime factors of 1159803782.
2, 149, 673, 5783
List the prime factors of 51771414.
2, 3, 1877, 4597
List the prime factors of 60215350.
2, 5, 13, 92639
List the prime factors of 43250634.
2, 3, 7, 49037
List the prime factors of 5019652565.
5, 569, 1764377
List the prime factors of 58557860.
2, 5, 17, 157, 1097
W